{"id":117,"date":"2022-04-21T12:02:30","date_gmt":"2022-04-21T10:02:30","guid":{"rendered":"http:\/\/www.jysm.dk:8080\/?page_id=117"},"modified":"2022-04-27T22:57:41","modified_gmt":"2022-04-27T20:57:41","slug":"indmeldelse","status":"publish","type":"page","link":"https:\/\/www.jysm.dk\/?page_id=117","title":{"rendered":"Indmeldelse"},"content":{"rendered":"\n<p><strong>Indmeldelse.<\/strong><\/p>\n\n\n\n<p>Du kan indmelde dig i JSM ved at sende os en mail p\u00e5&nbsp;<a href=\"mailto:jsm.mail@hotmail.com\">jsm.mail@hotmail.com<\/a>, og du vil hurtigst muligt blive kontaktet.<\/p>\n\n\n\n<p>Da medlemskabet af JSM omfatter hele husstanden, skal du ligeledes oplyse navne, f\u00f8dselsdatoer og \u00e5r p\u00e5 eventuelle b\u00f8rn mellem 0 og 24 \u00e5r.<\/p>\n\n\n\n<p>Priser p\u00e5 \u00e5rligt kontingent og andre priser finder du&nbsp;under priser . &nbsp;<\/p>\n\n\n\n<p>Indmeldelsesgebyr og kontingent bedes du inds\u00e6tte p\u00e5 vores MobilePay foreningskonto:<\/p>\n\n\n\n<p>4567dw<\/p>\n\n\n\n<figure class=\"wp-block-image is-resized\"><img loading=\"lazy\" decoding=\"async\" src=\"https:\/\/www.jysm.dk\/wp-content\/uploads\/2022\/04\/mobilepay.png\" alt=\"\" class=\"wp-image-167\" width=\"89\" height=\"89\"\/><figcaption>mobilepay<\/figcaption><\/figure>\n\n\n\n<p>Du modtager derefter en kvittering, hvor der st\u00e5r JSM2022.<\/p>\n","protected":false},"excerpt":{"rendered":"<p>Indmeldelse. Du kan indmelde dig i JSM ved at sende os en mail p\u00e5&nbsp;jsm.mail@hotmail.com, og du vil hurtigst muligt blive kontaktet. Da medlemskabet af JSM omfatter hele husstanden, skal du ligeledes oplyse navne, f\u00f8dselsdatoer og \u00e5r p\u00e5 eventuelle b\u00f8rn mellem 0 og 24 \u00e5r. Priser p\u00e5 \u00e5rligt kontingent og andre priser finder du&nbsp;under priser . [&hellip;]<\/p>\n","protected":false},"author":1,"featured_media":0,"parent":0,"menu_order":0,"comment_status":"closed","ping_status":"closed","template":"","meta":{"footnotes":""},"class_list":["post-117","page","type-page","status-publish","hentry"],"_links":{"self":[{"href":"https:\/\/www.jysm.dk\/index.php?rest_route=\/wp\/v2\/pages\/117","targetHints":{"allow":["GET"]}}],"collection":[{"href":"https:\/\/www.jysm.dk\/index.php?rest_route=\/wp\/v2\/pages"}],"about":[{"href":"https:\/\/www.jysm.dk\/index.php?rest_route=\/wp\/v2\/types\/page"}],"author":[{"embeddable":true,"href":"https:\/\/www.jysm.dk\/index.php?rest_route=\/wp\/v2\/users\/1"}],"replies":[{"embeddable":true,"href":"https:\/\/www.jysm.dk\/index.php?rest_route=%2Fwp%2Fv2%2Fcomments&post=117"}],"version-history":[{"count":4,"href":"https:\/\/www.jysm.dk\/index.php?rest_route=\/wp\/v2\/pages\/117\/revisions"}],"predecessor-version":[{"id":190,"href":"https:\/\/www.jysm.dk\/index.php?rest_route=\/wp\/v2\/pages\/117\/revisions\/190"}],"wp:attachment":[{"href":"https:\/\/www.jysm.dk\/index.php?rest_route=%2Fwp%2Fv2%2Fmedia&parent=117"}],"curies":[{"name":"wp","href":"https:\/\/api.w.org\/{rel}","templated":true}]}}