{"id":132,"date":"2022-04-21T12:39:06","date_gmt":"2022-04-21T10:39:06","guid":{"rendered":"http:\/\/www.jysm.dk:8080\/?page_id=132"},"modified":"2022-04-21T13:12:26","modified_gmt":"2022-04-21T11:12:26","slug":"vedtaegter","status":"publish","type":"page","link":"https:\/\/www.jysm.dk\/?page_id=132","title":{"rendered":"Vedt\u00e6gter"},"content":{"rendered":"\n<figure id=\"table_10\" class=\"wp-block-table\"><table><tbody><tr><td><strong>Vedt\u00e6gter for Jyllinge Sejl- &amp; Motorb\u00e5dsforening<\/strong><strong><br><\/strong><strong><\/strong><\/td><\/tr><\/tbody><\/table><\/figure>\n\n\n\n<figure id=\"table_11\" class=\"wp-block-table\"><table><tbody><tr><td><strong>\u00a7 1<\/strong><br><strong>Navn og hjemsted:<\/strong><br>Foreningens navn er Jyllinge Sejl- og Motorb\u00e5dsforening, og foreningens initialer er JSM. Foreningens adresse er Plutovej 15, 4040 Jyllinge.<br>Foreningen er stiftet den 1. maj 2005 og har hjemsted i Roskilde kommune.<br><br><br><strong>\u00a7 2<\/strong><strong><br><\/strong><strong>Form\u00e5l:<\/strong><strong><br><\/strong>Foreningens form\u00e5l er at dyrke sejlads og med udgangspunkt i f\u00e6llesskabet og det sociale liv i foreningen at ud- brede kendskab til sejlads, hvad enten det drejer sig om at dyrke sejlads i sejl og\/eller motorb\u00e5d.<br>Det er endvidere foreningens form\u00e5l at udvikle medlemmernes lyst til at engagere sig og tage et medansvar i foreningen.<br><br><br><strong>\u00a7 3<\/strong><strong><br><\/strong><strong>Medlemskab:<\/strong><strong><br><\/strong>Som aktivt medlem kan optages enhver, som er fyldt 18 \u00e5r.<br>Optagelse af passive medlemmer kan ske uanset alder. Passive medlemmer har ikke adgang til at dyrke sejlads, men er valgbar til bestyrelsen.<br>Medlemmerne er forpligtet til at overholde foreningens vedt\u00e6gter og leve op til foreningens form\u00e5lsbestemmelser.<br><br><br><strong>\u00a7 4<\/strong><strong><br><\/strong><strong>Indmeldelse:<\/strong><br>Indmeldelse skal ske skriftlig p\u00e5 indmeldelsesblanket til foreningens kasserer. For medlemmer under 18 \u00e5r skal indmeldelsesblanketten underskrives af v\u00e6rge eller for\u00e6ldre.<br><br><br><strong>\u00a7 5<\/strong><strong><br><\/strong><strong>Udmeldelse:<\/strong><strong><br><\/strong>Udmeldelse skal ske skriftligt til kassereren med 3 m\u00e5neders varsel. I forbindelse med udmeldelse vil kontingentet ikke blive refunderet.<br><br><br><strong>\u00a7 6<\/strong><strong><br><\/strong><strong>Kontingent:<\/strong><strong><br><\/strong>Kontingentet fasts\u00e6ttes af generalforsamlingen. Indbetalingsterminer og opkr\u00e6vnings-form fasts\u00e6ttes af bestyrelsen.<br><br><br><strong>\u00a7 7<\/strong><strong><br><\/strong><strong>Restance:<\/strong><strong><br><\/strong>Kontingentet skal v\u00e6re betalt inden udgangen af forfaldsm\u00e5neden.<br><br><br><strong>\u00a7 8<\/strong><strong><br><\/strong><strong>Udelukkelse og eksklusion:<\/strong><strong><br><\/strong>Et medlem kan udelukkes midlertidigt eller ekskluderes, s\u00e5fremt vedkommende handler til skade for foreningen, eller s\u00e5fremt vedkommende ikke opfylder sine medlemsforpligtelser.<br>I sager om udelukkelse har medlemmet krav p\u00e5 at blive h\u00f8rt, inden bestyrelsen tr\u00e6ffer sin afg\u00f8relse.<br>I sager om eksklusion har medlemmet desuden krav p\u00e5, at sagen afg\u00f8res p\u00e5 f\u00f8rstkommende generalforsamling, og at sagen s\u00e6ttes p\u00e5 dagsordenen som et s\u00e6rligt punkt.<br><br>En generalforsamlings beslutning om eksklusion kr\u00e6ver samme majoritet som ved \u00e6ndring af foreningens vedt\u00e6gt.<br><br><br><strong>\u00a7 9<\/strong><br><strong>Ordin\u00e6r generalforsamling:<\/strong><br>Generalforsamlingen er foreningens h\u00f8jeste myndighed i alle anliggender. Ordin\u00e6r generalforsamling afholdes \u00e9n gang \u00e5rligt inden udgangen af marts m\u00e5ned.<br>Indkaldelse med angivelse af dagsorden og indkomne forslag skal finde sted med mindst 4 ugers varsel. Indkaldelse skal ske skriftligt.<br>Forslag, som \u00f8nskes behandlet p\u00e5 den ordin\u00e6re generalforsamling skal v\u00e6re indsendt skriftligt til bestyrelsen senest to uger f\u00f8r generalforsamlingens afholdelse. De indkomne forslag offentligg\u00f8res p\u00e5 klubbens hjemmeside. \u00c5rsrapporten offentligg\u00f8res ligeledes p\u00e5 klubbens hjemmeside sammen med indkaldelsen til den ordin\u00e6re generalforsamling.<br>Adgang til generalforsamlingen har alle foreningens medlemmer, samt hvem bestyrelsen m\u00e5tte indbyde.<br>Stemmeret har alle aktive medlemmer, som ikke er i kontingentrestance. Der er kun stemmeret ved personligt fremm\u00f8de.<br>En rettidig indvarslet generalforsamling er beslutningsdygtig uanset de fremm\u00f8dtes antal.<br><br><br><strong>\u00a7 10<\/strong><strong><br><\/strong><strong>Dagsorden:<\/strong><strong><br><\/strong>Dagsordenen for den ordin\u00e6re generalforsamling skal mindst omfatte f\u00f8lgende punkter:<br>1.\u00a0Valg af dirigent og referent.<br>2.\u00a0Bestyrelsens beretning for det forl\u00f8bne \u00e5r.<br>3.\u00a0Forel\u00e6ggelse af \u00e5rsrapport inkl. \u00a0\u00a0\u00a0revideret regnskab for det forl\u00f8bne \u00e5r til godkendelse.<br>4.\u00a0Forel\u00e6ggelse af bestyrelsens \u00a0\u00a0\u00a0budgetforslag for det kommende \u00e5r.<br>5.\u00a0Fasts\u00e6ttelse af kontingent<br>6.\u00a0Behandling af indkomne forslag.<br>7.\u00a0Valg af formand i lige \u00e5r.<br>8.\u00a0Valg af n\u00e6stformand i ulige \u00e5r.<br>9.\u00a0Valg af kasserer i ulige \u00e5r.<br>10.\u00a0Valg af sekret\u00e6r i lige \u00e5r.<br><br>11.\u00a0Valg af \u00f8vrige bestyrelsesmedlemmer i ulige \u00e5r.<br>12.\u00a0Valg af suppleanter til \u00a0\u00a0\u00a0\u00a0\u00a0bestyrelsen.<br>13.\u00a0Valg af revisor og \u00a0\u00a0\u00a0\u00a0\u00a0revisorsuppleanter.<br>14.\u00a0Eventuelt.<\/td><td><strong>\u00a7 11<\/strong><br><strong>Generalforsamlingens ledelse:<\/strong><br>Forhandlingerne p\u00e5 generalforsamlingen ledes af en dirigent, som v\u00e6lges af generalforsamlingen, og som ikke m\u00e5 v\u00e6re medlem af bestyrelsen.<br><br><br><strong>\u00a7 12<\/strong><br><strong>Ekstraordin\u00e6r generalforsamling:<\/strong><br>Ekstraordin\u00e6r generalforsamling kan til enhver tid indkaldes af bestyrelsen og skal indkaldes, n\u00e5r mindst tre fjerdedele af foreningens stemmeberettigede medlemmer skriftligt overfor bestyrelsen frems\u00e6tter \u00f8nske herom med en angivelse af det emne, som \u00f8nskes behandlet.<br>Generalforsamlingen skal afholdes senest 4 uger efter beg\u00e6ringens modtagelse. For s\u00e5 vidt ang\u00e5r krav til indkaldelsen, m\u00f8dets ledelse, afstemning med videre g\u00e6lder de samme bestemmelser som for den ordin\u00e6re generalforsamling.<br><br><br><strong>\u00a7 13<br>Bestyrelsen:<br><\/strong>Bestyrelsen er foreningens daglige ledelse og repr\u00e6senterer foreningen i alle forhold. Bestyrelsen kan neds\u00e6tte n\u00f8dvendige udvalg til varetagelse af l\u00f8bende eller enkeltst\u00e5ende opgaver.<br><br><br>Bestyrelsen fasts\u00e6tter selv sin forretningsorden. Bestyrelsen er kun beslutningsdygtig, n\u00e5r mindst 3 af dens medlemmer, herunder formanden eller n\u00e6stformanden er tilstede. Over bestyrelsens forhandlinger f\u00f8res en protokol.<br>De vedtagne beslutninger og foretagne handlinger forpligter foreningen i henhold til vedt\u00e6gten.<br>Bestyrelsen best\u00e5r af en formand, en n\u00e6stformand, en kasserer, en sekret\u00e6r samt yderligere et medlem og v\u00e6lges for to \u00e5r ad gangen af den ordin\u00e6re generalforsamling. Formanden og sekret\u00e6ren er p\u00e5 valg i lige \u00e5r. N\u00e6stformanden og kasseren samt bestyrelsesmedlemmerne er p\u00e5 valg i ulige \u00e5r.<br>Valgbarhed til bestyrelsen er medlemmer, som er fyldt 18 \u00e5r og har stemmeret jf.\u00a7 9.<br>Form\u00e6ndene\/kvinderne for de forskellige udvalg som etableres i foreningen, v\u00e6lges af en samlet bestyrelse. Udvalgsform\u00e6ndene\/kvinderne har ret til at deltage i samtlige bestyrelsesm\u00f8der dog uden stemmeret i bestyrelsesanliggender.<br>Bestyrelsen konstituerer sig selv.<br><br><br><strong>\u00a7 14<br>Regnskab:<\/strong><br>Foreningens regnskabs\u00e5r er kalender\u00e5ret. Bestyrelsen skal senest fire uger f\u00f8r afholdelse af den ordin\u00e6re generalforsamling afgive \u00e5rsrapport for det forgangne \u00e5r til revisoren. \u00c5rsrapporten forel\u00e6gges den ordin\u00e6re generalforsamling til godkendelse og skal v\u00e6re forsynet med revisorens p\u00e5tegning og underskrift. \u00c5rsrapporten udsendes til medlemmerne sammen med indkaldelsen til den ordin\u00e6re generalforsamling.<br><br><br><strong>\u00a7 15<br>Revision:<br><\/strong>P\u00e5 den ordin\u00e6re generalforsamling v\u00e6lges for et \u00e5r af gangen en revisor og en revisor suppleant. Revisoren skal hvert \u00e5r i februar m\u00e5ned gennemg\u00e5 \u00e5rsrapporten og p\u00e5se, at beholdningerne er til stede. Revisionsformen er regnskabsm\u00e6ssig revision, og \u00e5rsrapporten forsynes med en p\u00e5tegning. Revisoren har til enhver tid adgang til at efterse regnskab og beholdninger.<br><br><br><strong>\u00a7 16<br>Tegning og h\u00e6ftelse:<br><\/strong>Foreningen tegnes af formanden og n\u00e6stformanden i forening med kassereren. Ved \u00f8konomiske dispositioner over kr. 1.000,- kr\u00e6ves dog underskrift af formand og\/eller n\u00e6stformand samt kasserer i forening. K\u00f8b, salg eller pants\u00e6tning af fast ejendom skal godkendes af generalforsamlingen.<br>Der p\u00e5hviler ikke foreningens medlemmer nogen personlig h\u00e6ftelse for de forpligtelser, som p\u00e5hviler foreningen.<br><br><strong>\u00a7 17<br>Vedt\u00e6gts\u00e6ndringer:<br><\/strong>\u00c6ndringer af vedt\u00e6gter kan ske p\u00e5 enhver generalforsamling, n\u00e5r mindst to tredjedele af de afgivne stemmer er for forslaget.<strong><br><br><br>\u00a7 18<br>Opl\u00f8sning:<br><\/strong>Bestemmelse om foreningens opl\u00f8sning kan kun tages p\u00e5 en i dette \u00f8jemed s\u00e6rlig indkaldt ekstraordin\u00e6r generalforsamling. For at denne er beslutningsdygtig kr\u00e6ves, at mindst to tredjedele af foreningens stemmeberettigede medlemmer er til stede.<br>For at forslaget kan vedtages, kr\u00e6ves, at mindst tre fjerdedele af de angivne stemmer er for forslaget. Opn\u00e5s et s\u00e5dant flertal p\u00e5 en generalforsamling, der ikke er beslutningsdygtig, indkaldes til en ny generalforsamling, hvor beslutning kan tr\u00e6ffes med ovenn\u00e6vnte stemmeflertal, uanset hvilket antal stemmeberettigede med-lemmer, der er til stede.<br>P\u00e5 generalforsamlingen skal samtidig tr\u00e6ffes beslutning om, hvilke almennyttige\/almenvelg\u00f8rende form\u00e5l, foreningens formue, herunder eventuel fast ejendom og l\u00f8s\u00f8re, skal tilg\u00e5.<br><br><\/td><\/tr><\/tbody><\/table><\/figure>\n","protected":false},"excerpt":{"rendered":"<p>Vedt\u00e6gter for Jyllinge Sejl- &amp; Motorb\u00e5dsforening \u00a7 1Navn og hjemsted:Foreningens navn er Jyllinge Sejl- og Motorb\u00e5dsforening, og foreningens initialer er JSM. Foreningens adresse er Plutovej 15, 4040 Jyllinge.Foreningen er stiftet den 1. maj 2005 og har hjemsted i Roskilde kommune. \u00a7 2Form\u00e5l:Foreningens form\u00e5l er at dyrke sejlads og med udgangspunkt i f\u00e6llesskabet og det sociale [&hellip;]<\/p>\n","protected":false},"author":1,"featured_media":0,"parent":0,"menu_order":0,"comment_status":"closed","ping_status":"closed","template":"","meta":{"footnotes":""},"class_list":["post-132","page","type-page","status-publish","hentry"],"_links":{"self":[{"href":"https:\/\/www.jysm.dk\/index.php?rest_route=\/wp\/v2\/pages\/132","targetHints":{"allow":["GET"]}}],"collection":[{"href":"https:\/\/www.jysm.dk\/index.php?rest_route=\/wp\/v2\/pages"}],"about":[{"href":"https:\/\/www.jysm.dk\/index.php?rest_route=\/wp\/v2\/types\/page"}],"author":[{"embeddable":true,"href":"https:\/\/www.jysm.dk\/index.php?rest_route=\/wp\/v2\/users\/1"}],"replies":[{"embeddable":true,"href":"https:\/\/www.jysm.dk\/index.php?rest_route=%2Fwp%2Fv2%2Fcomments&post=132"}],"version-history":[{"count":3,"href":"https:\/\/www.jysm.dk\/index.php?rest_route=\/wp\/v2\/pages\/132\/revisions"}],"predecessor-version":[{"id":143,"href":"https:\/\/www.jysm.dk\/index.php?rest_route=\/wp\/v2\/pages\/132\/revisions\/143"}],"wp:attachment":[{"href":"https:\/\/www.jysm.dk\/index.php?rest_route=%2Fwp%2Fv2%2Fmedia&parent=132"}],"curies":[{"name":"wp","href":"https:\/\/api.w.org\/{rel}","templated":true}]}}